{"id":5851,"date":"2024-02-07T15:19:35","date_gmt":"2024-02-07T14:19:35","guid":{"rendered":"https:\/\/www.lasergravur-muenchen.de\/shop\/?post_type=product&#038;p=5851"},"modified":"2025-02-28T15:48:08","modified_gmt":"2025-02-28T14:48:08","slug":"einkaufswagenchip-aus-holz-mit-logo-motivgravur","status":"publish","type":"product","link":"https:\/\/www.lasergravur-muenchen.de\/shop\/produkt\/einkaufswagenchip-aus-holz-mit-logo-motivgravur\/","title":{"rendered":"Einkaufschip \/ Einkaufswagenchip aus Holz mit Logo- \/ Motivgravur"},"content":{"rendered":"","protected":false},"excerpt":{"rendered":"<ul>\n<li>Nachhaltig und individuell &#8211; bestellen Sie hier <strong>Einkaufswagenchips aus Holz<\/strong><\/li>\n<li>Durchmesser entspricht einer 1\u20ac M\u00fcnze (\u2300 23,25 mm) und damit passend f\u00fcr so ziemlich alle Einkaufswagen<\/li>\n<li>Verwendetes Holz: Birkensperrholz (hell) oder Faserplatte (MDF) (jeweils 2mm St\u00e4rke)<\/li>\n<li>Ideal als Werbegeschenk &amp; umweltfreundlicher als Plastik-Chips<\/li>\n<li>Mindestbestellmenge bereits ab 20 St\u00fcck | alle Preise netto<\/li>\n<\/ul>\n","protected":false},"featured_media":5865,"comment_status":"open","ping_status":"closed","template":"","meta":{"_exactmetrics_skip_tracking":false,"_exactmetrics_sitenote_active":false,"_exactmetrics_sitenote_note":"","_exactmetrics_sitenote_category":0},"product_brand":[],"product_cat":[83,85],"product_tag":[480,481,483,484,432,256,482,458,457],"class_list":{"0":"post-5851","1":"product","2":"type-product","3":"status-publish","4":"has-post-thumbnail","6":"product_cat-gastro","7":"product_cat-holz","8":"product_tag-einkaufschips","9":"product_tag-einkaufswagen","10":"product_tag-einkaufswagenchips","11":"product_tag-einkaufswagenmarke","12":"product_tag-event","13":"product_tag-holz","14":"product_tag-holzchips","15":"product_tag-individuell","16":"product_tag-wertmarke","18":"first","19":"instock","20":"taxable","21":"shipping-taxable","22":"purchasable","23":"product-type-simple"},"yoast_head":"<!-- This site is optimized with the Yoast SEO plugin v27.6 - https:\/\/yoast.com\/product\/yoast-seo-wordpress\/ -->\n<title>Einkaufschip \/ Einkaufswagenchip aus Holz mit Logo- \/ Motivgravur - Lasergravur-M\u00fcnchen.de Shop<\/title>\n<meta name=\"description\" content=\"Nachhaltige Einkaufswagenchips aus Holz. Das Werbegeschenk f\u00fcr den t\u00e4glichen Gebrauch. Ihre Kunden werden bei jedem Einkauf an Sie denken!\" \/>\n<meta name=\"robots\" content=\"index, follow, max-snippet:-1, max-image-preview:large, max-video-preview:-1\" \/>\n<link rel=\"canonical\" href=\"https:\/\/www.lasergravur-muenchen.de\/shop\/produkt\/einkaufswagenchip-aus-holz-mit-logo-motivgravur\/\" \/>\n<meta property=\"og:locale\" content=\"de_DE\" \/>\n<meta property=\"og:type\" content=\"article\" \/>\n<meta property=\"og:title\" content=\"Einkaufschip \/ Einkaufswagenchip aus Holz mit Logo- \/ Motivgravur - Lasergravur-M\u00fcnchen.de Shop\" \/>\n<meta property=\"og:description\" content=\"Nachhaltige Einkaufswagenchips aus Holz. Das Werbegeschenk f\u00fcr den t\u00e4glichen Gebrauch. Ihre Kunden werden bei jedem Einkauf an Sie denken!\" \/>\n<meta property=\"og:url\" content=\"https:\/\/www.lasergravur-muenchen.de\/shop\/produkt\/einkaufswagenchip-aus-holz-mit-logo-motivgravur\/\" \/>\n<meta property=\"og:site_name\" content=\"Lasergravur-M\u00fcnchen.de Shop\" \/>\n<meta property=\"article:modified_time\" content=\"2025-02-28T14:48:08+00:00\" \/>\n<meta property=\"og:image\" content=\"https:\/\/www.lasergravur-muenchen.de\/shop\/wp-content\/uploads\/2024\/02\/einkaufschips-main-01.jpg\" \/>\n\t<meta property=\"og:image:width\" content=\"1400\" \/>\n\t<meta property=\"og:image:height\" content=\"1400\" \/>\n\t<meta property=\"og:image:type\" content=\"image\/jpeg\" \/>\n<meta name=\"twitter:card\" content=\"summary_large_image\" \/>\n<meta name=\"twitter:label1\" content=\"Gesch\u00e4tzte Lesezeit\" \/>\n\t<meta name=\"twitter:data1\" content=\"1\u00a0Minute\" \/>\n<script type=\"application\/ld+json\" class=\"yoast-schema-graph\">{\"@context\":\"https:\\\/\\\/schema.org\",\"@graph\":[{\"@type\":\"WebPage\",\"@id\":\"https:\\\/\\\/www.lasergravur-muenchen.de\\\/shop\\\/produkt\\\/einkaufswagenchip-aus-holz-mit-logo-motivgravur\\\/\",\"url\":\"https:\\\/\\\/www.lasergravur-muenchen.de\\\/shop\\\/produkt\\\/einkaufswagenchip-aus-holz-mit-logo-motivgravur\\\/\",\"name\":\"Einkaufschip \\\/ Einkaufswagenchip aus Holz mit Logo- \\\/ Motivgravur - Lasergravur-M\u00fcnchen.de Shop\",\"isPartOf\":{\"@id\":\"https:\\\/\\\/www.lasergravur-muenchen.de\\\/shop\\\/#website\"},\"primaryImageOfPage\":{\"@id\":\"https:\\\/\\\/www.lasergravur-muenchen.de\\\/shop\\\/produkt\\\/einkaufswagenchip-aus-holz-mit-logo-motivgravur\\\/#primaryimage\"},\"image\":{\"@id\":\"https:\\\/\\\/www.lasergravur-muenchen.de\\\/shop\\\/produkt\\\/einkaufswagenchip-aus-holz-mit-logo-motivgravur\\\/#primaryimage\"},\"thumbnailUrl\":\"https:\\\/\\\/www.lasergravur-muenchen.de\\\/shop\\\/wp-content\\\/uploads\\\/2024\\\/02\\\/einkaufschips-main-01.jpg\",\"datePublished\":\"2024-02-07T14:19:35+00:00\",\"dateModified\":\"2025-02-28T14:48:08+00:00\",\"description\":\"Nachhaltige Einkaufswagenchips aus Holz. Das Werbegeschenk f\u00fcr den t\u00e4glichen Gebrauch. Ihre Kunden werden bei jedem Einkauf an Sie denken!\",\"breadcrumb\":{\"@id\":\"https:\\\/\\\/www.lasergravur-muenchen.de\\\/shop\\\/produkt\\\/einkaufswagenchip-aus-holz-mit-logo-motivgravur\\\/#breadcrumb\"},\"inLanguage\":\"de\",\"potentialAction\":[{\"@type\":\"ReadAction\",\"target\":[\"https:\\\/\\\/www.lasergravur-muenchen.de\\\/shop\\\/produkt\\\/einkaufswagenchip-aus-holz-mit-logo-motivgravur\\\/\"]}]},{\"@type\":\"ImageObject\",\"inLanguage\":\"de\",\"@id\":\"https:\\\/\\\/www.lasergravur-muenchen.de\\\/shop\\\/produkt\\\/einkaufswagenchip-aus-holz-mit-logo-motivgravur\\\/#primaryimage\",\"url\":\"https:\\\/\\\/www.lasergravur-muenchen.de\\\/shop\\\/wp-content\\\/uploads\\\/2024\\\/02\\\/einkaufschips-main-01.jpg\",\"contentUrl\":\"https:\\\/\\\/www.lasergravur-muenchen.de\\\/shop\\\/wp-content\\\/uploads\\\/2024\\\/02\\\/einkaufschips-main-01.jpg\",\"width\":1400,\"height\":1400},{\"@type\":\"BreadcrumbList\",\"@id\":\"https:\\\/\\\/www.lasergravur-muenchen.de\\\/shop\\\/produkt\\\/einkaufswagenchip-aus-holz-mit-logo-motivgravur\\\/#breadcrumb\",\"itemListElement\":[{\"@type\":\"ListItem\",\"position\":1,\"name\":\"Shop\",\"item\":\"https:\\\/\\\/www.lasergravur-muenchen.de\\\/shop\\\/\"},{\"@type\":\"ListItem\",\"position\":2,\"name\":\"Produkte\",\"item\":\"https:\\\/\\\/www.lasergravur-muenchen.de\\\/shop\\\/produkte\\\/\"},{\"@type\":\"ListItem\",\"position\":3,\"name\":\"Gastro\",\"item\":\"https:\\\/\\\/www.lasergravur-muenchen.de\\\/shop\\\/kategorie\\\/gastro\\\/\"},{\"@type\":\"ListItem\",\"position\":4,\"name\":\"Einkaufschip \\\/ Einkaufswagenchip aus Holz mit Logo- \\\/ Motivgravur\"}]},{\"@type\":\"WebSite\",\"@id\":\"https:\\\/\\\/www.lasergravur-muenchen.de\\\/shop\\\/#website\",\"url\":\"https:\\\/\\\/www.lasergravur-muenchen.de\\\/shop\\\/\",\"name\":\"Lasergravur-M\u00fcnchen.de Shop\",\"description\":\"Werbeartikel &amp; Werbegeschenke\",\"publisher\":{\"@id\":\"https:\\\/\\\/www.lasergravur-muenchen.de\\\/shop\\\/#organization\"},\"potentialAction\":[{\"@type\":\"SearchAction\",\"target\":{\"@type\":\"EntryPoint\",\"urlTemplate\":\"https:\\\/\\\/www.lasergravur-muenchen.de\\\/shop\\\/?s={search_term_string}\"},\"query-input\":{\"@type\":\"PropertyValueSpecification\",\"valueRequired\":true,\"valueName\":\"search_term_string\"}}],\"inLanguage\":\"de\"},{\"@type\":\"Organization\",\"@id\":\"https:\\\/\\\/www.lasergravur-muenchen.de\\\/shop\\\/#organization\",\"name\":\"Lasergravur-M\u00fcnchen\",\"url\":\"https:\\\/\\\/www.lasergravur-muenchen.de\\\/shop\\\/\",\"logo\":{\"@type\":\"ImageObject\",\"inLanguage\":\"de\",\"@id\":\"https:\\\/\\\/www.lasergravur-muenchen.de\\\/shop\\\/#\\\/schema\\\/logo\\\/image\\\/\",\"url\":\"https:\\\/\\\/www.lasergravur-muenchen.de\\\/shop\\\/wp-content\\\/uploads\\\/2019\\\/11\\\/LGM.png\",\"contentUrl\":\"https:\\\/\\\/www.lasergravur-muenchen.de\\\/shop\\\/wp-content\\\/uploads\\\/2019\\\/11\\\/LGM.png\",\"width\":300,\"height\":145,\"caption\":\"Lasergravur-M\u00fcnchen\"},\"image\":{\"@id\":\"https:\\\/\\\/www.lasergravur-muenchen.de\\\/shop\\\/#\\\/schema\\\/logo\\\/image\\\/\"},\"sameAs\":[\"https:\\\/\\\/www.instagram.com\\\/lasergravur_muenchen\\\/\"]}]}<\/script>\n<!-- \/ Yoast SEO plugin. -->","yoast_head_json":{"title":"Einkaufschip \/ Einkaufswagenchip aus Holz mit Logo- \/ Motivgravur - Lasergravur-M\u00fcnchen.de Shop","description":"Nachhaltige Einkaufswagenchips aus Holz. Das Werbegeschenk f\u00fcr den t\u00e4glichen Gebrauch. Ihre Kunden werden bei jedem Einkauf an Sie denken!","robots":{"index":"index","follow":"follow","max-snippet":"max-snippet:-1","max-image-preview":"max-image-preview:large","max-video-preview":"max-video-preview:-1"},"canonical":"https:\/\/www.lasergravur-muenchen.de\/shop\/produkt\/einkaufswagenchip-aus-holz-mit-logo-motivgravur\/","og_locale":"de_DE","og_type":"article","og_title":"Einkaufschip \/ Einkaufswagenchip aus Holz mit Logo- \/ Motivgravur - Lasergravur-M\u00fcnchen.de Shop","og_description":"Nachhaltige Einkaufswagenchips aus Holz. Das Werbegeschenk f\u00fcr den t\u00e4glichen Gebrauch. Ihre Kunden werden bei jedem Einkauf an Sie denken!","og_url":"https:\/\/www.lasergravur-muenchen.de\/shop\/produkt\/einkaufswagenchip-aus-holz-mit-logo-motivgravur\/","og_site_name":"Lasergravur-M\u00fcnchen.de Shop","article_modified_time":"2025-02-28T14:48:08+00:00","og_image":[{"width":1400,"height":1400,"url":"https:\/\/www.lasergravur-muenchen.de\/shop\/wp-content\/uploads\/2024\/02\/einkaufschips-main-01.jpg","type":"image\/jpeg"}],"twitter_card":"summary_large_image","twitter_misc":{"Gesch\u00e4tzte Lesezeit":"1\u00a0Minute"},"schema":{"@context":"https:\/\/schema.org","@graph":[{"@type":"WebPage","@id":"https:\/\/www.lasergravur-muenchen.de\/shop\/produkt\/einkaufswagenchip-aus-holz-mit-logo-motivgravur\/","url":"https:\/\/www.lasergravur-muenchen.de\/shop\/produkt\/einkaufswagenchip-aus-holz-mit-logo-motivgravur\/","name":"Einkaufschip \/ Einkaufswagenchip aus Holz mit Logo- \/ Motivgravur - Lasergravur-M\u00fcnchen.de Shop","isPartOf":{"@id":"https:\/\/www.lasergravur-muenchen.de\/shop\/#website"},"primaryImageOfPage":{"@id":"https:\/\/www.lasergravur-muenchen.de\/shop\/produkt\/einkaufswagenchip-aus-holz-mit-logo-motivgravur\/#primaryimage"},"image":{"@id":"https:\/\/www.lasergravur-muenchen.de\/shop\/produkt\/einkaufswagenchip-aus-holz-mit-logo-motivgravur\/#primaryimage"},"thumbnailUrl":"https:\/\/www.lasergravur-muenchen.de\/shop\/wp-content\/uploads\/2024\/02\/einkaufschips-main-01.jpg","datePublished":"2024-02-07T14:19:35+00:00","dateModified":"2025-02-28T14:48:08+00:00","description":"Nachhaltige Einkaufswagenchips aus Holz. Das Werbegeschenk f\u00fcr den t\u00e4glichen Gebrauch. Ihre Kunden werden bei jedem Einkauf an Sie denken!","breadcrumb":{"@id":"https:\/\/www.lasergravur-muenchen.de\/shop\/produkt\/einkaufswagenchip-aus-holz-mit-logo-motivgravur\/#breadcrumb"},"inLanguage":"de","potentialAction":[{"@type":"ReadAction","target":["https:\/\/www.lasergravur-muenchen.de\/shop\/produkt\/einkaufswagenchip-aus-holz-mit-logo-motivgravur\/"]}]},{"@type":"ImageObject","inLanguage":"de","@id":"https:\/\/www.lasergravur-muenchen.de\/shop\/produkt\/einkaufswagenchip-aus-holz-mit-logo-motivgravur\/#primaryimage","url":"https:\/\/www.lasergravur-muenchen.de\/shop\/wp-content\/uploads\/2024\/02\/einkaufschips-main-01.jpg","contentUrl":"https:\/\/www.lasergravur-muenchen.de\/shop\/wp-content\/uploads\/2024\/02\/einkaufschips-main-01.jpg","width":1400,"height":1400},{"@type":"BreadcrumbList","@id":"https:\/\/www.lasergravur-muenchen.de\/shop\/produkt\/einkaufswagenchip-aus-holz-mit-logo-motivgravur\/#breadcrumb","itemListElement":[{"@type":"ListItem","position":1,"name":"Shop","item":"https:\/\/www.lasergravur-muenchen.de\/shop\/"},{"@type":"ListItem","position":2,"name":"Produkte","item":"https:\/\/www.lasergravur-muenchen.de\/shop\/produkte\/"},{"@type":"ListItem","position":3,"name":"Gastro","item":"https:\/\/www.lasergravur-muenchen.de\/shop\/kategorie\/gastro\/"},{"@type":"ListItem","position":4,"name":"Einkaufschip \/ Einkaufswagenchip aus Holz mit Logo- \/ Motivgravur"}]},{"@type":"WebSite","@id":"https:\/\/www.lasergravur-muenchen.de\/shop\/#website","url":"https:\/\/www.lasergravur-muenchen.de\/shop\/","name":"Lasergravur-M\u00fcnchen.de Shop","description":"Werbeartikel &amp; Werbegeschenke","publisher":{"@id":"https:\/\/www.lasergravur-muenchen.de\/shop\/#organization"},"potentialAction":[{"@type":"SearchAction","target":{"@type":"EntryPoint","urlTemplate":"https:\/\/www.lasergravur-muenchen.de\/shop\/?s={search_term_string}"},"query-input":{"@type":"PropertyValueSpecification","valueRequired":true,"valueName":"search_term_string"}}],"inLanguage":"de"},{"@type":"Organization","@id":"https:\/\/www.lasergravur-muenchen.de\/shop\/#organization","name":"Lasergravur-M\u00fcnchen","url":"https:\/\/www.lasergravur-muenchen.de\/shop\/","logo":{"@type":"ImageObject","inLanguage":"de","@id":"https:\/\/www.lasergravur-muenchen.de\/shop\/#\/schema\/logo\/image\/","url":"https:\/\/www.lasergravur-muenchen.de\/shop\/wp-content\/uploads\/2019\/11\/LGM.png","contentUrl":"https:\/\/www.lasergravur-muenchen.de\/shop\/wp-content\/uploads\/2019\/11\/LGM.png","width":300,"height":145,"caption":"Lasergravur-M\u00fcnchen"},"image":{"@id":"https:\/\/www.lasergravur-muenchen.de\/shop\/#\/schema\/logo\/image\/"},"sameAs":["https:\/\/www.instagram.com\/lasergravur_muenchen\/"]}]}},"_links":{"self":[{"href":"https:\/\/www.lasergravur-muenchen.de\/shop\/wp-json\/wp\/v2\/product\/5851","targetHints":{"allow":["GET"]}}],"collection":[{"href":"https:\/\/www.lasergravur-muenchen.de\/shop\/wp-json\/wp\/v2\/product"}],"about":[{"href":"https:\/\/www.lasergravur-muenchen.de\/shop\/wp-json\/wp\/v2\/types\/product"}],"replies":[{"embeddable":true,"href":"https:\/\/www.lasergravur-muenchen.de\/shop\/wp-json\/wp\/v2\/comments?post=5851"}],"wp:featuredmedia":[{"embeddable":true,"href":"https:\/\/www.lasergravur-muenchen.de\/shop\/wp-json\/wp\/v2\/media\/5865"}],"wp:attachment":[{"href":"https:\/\/www.lasergravur-muenchen.de\/shop\/wp-json\/wp\/v2\/media?parent=5851"}],"wp:term":[{"taxonomy":"product_brand","embeddable":true,"href":"https:\/\/www.lasergravur-muenchen.de\/shop\/wp-json\/wp\/v2\/product_brand?post=5851"},{"taxonomy":"product_cat","embeddable":true,"href":"https:\/\/www.lasergravur-muenchen.de\/shop\/wp-json\/wp\/v2\/product_cat?post=5851"},{"taxonomy":"product_tag","embeddable":true,"href":"https:\/\/www.lasergravur-muenchen.de\/shop\/wp-json\/wp\/v2\/product_tag?post=5851"}],"curies":[{"name":"wp","href":"https:\/\/api.w.org\/{rel}","templated":true}]}}